units digit of l?
5
Let y(a) be the third derivative of -a**6/12 - a**5/15 + a**3/2 + 2*a**2 + 10. What is the units digit of y(-3)?
7
Let b = -1546 + 6999. What is the thousands digit of b?
5
Suppose 3*m + 2*m = 2*g + 157, -2*g = -8. Let c = -25 + m. Suppose -c*f - w + 240 = -3*f, -2*f + 96 = -5*w. What is the units digit of f?
8
Let x be 4450/75*(-6)/(-4). Suppose -x = -3*t + 136. Let h = t - 9. What is the units digit of h?
6
Let z be ((-6)/90*-205)/(1/18). Let y = z + 138. What is the hundreds digit of y?
3
Suppose 12 = 3*v + 4*s, -2 = -s + 1. Let w(g) = -g - 9*g - 9*g - 11 + v*g. What is the units digit of w(-5)?
4
Suppose -51*j + 648009 = 38*j. What is the tens digit of j?
8
Let y = -45268 + 64115. What is the tens digit of y?
4
Suppose 16*x - 167738 + 17138 = 8*x. What is the units digit of x?
5
Suppose 784*y - 166320 = 763*y. What is the hundreds digit of y?
9
Suppose q + 0*q - 293 = 0. Let d = q - 136. Let p = d + -56. What is the hundreds digit of p?
1
Suppose -2*m + 110206 = 4*g + 32426, 194486 = 5*m + g. What is the tens digit of m?
9
Suppose 162*j - 1712845 = 513035. What is the ten thousands digit of j?
1
Let a(q) = q**3 - 65*q**2 + 84*q - 16. What is the thousands digit of a(65)?
5
Suppose 0 = 42*y - 309841 + 51331. What is the tens digit of y?
5
Let g = -44 - -47. Suppose -2*o = -l + 729, g*l - o - 1524 = 673. What is the units digit of l?
3
Suppose 2*z + 9468 = a, -14*a + 18*a - z = 37858. What is the tens digit of a?
6
Let z(n) = -41*n - 1121. Let j be z(0). Let p = 2417 + j. What is the units digit of p?
6
Suppose -23*t + 4269 + 3666 = 0. Let k = 925 - t. What is the units digit of k?
0
Let y(z) be the third derivative of -z**5/60 + 23*z**4/12 - 25*z**3/3 + 56*z**2. What is the units digit of y(28)?
4
Suppose -78413 + 25853 = -16*w. What is the thousands digit of w?
3
Let x(l) = -l - 41. Let d = 26 - 39. Let v be x(d). What is the units digit of (v/(-10))/(28/210)?
1
Suppose -5*u - b + 24 = 9, u - 2*b = 14. Suppose 35 = u*i + 7. Suppose 4*m = -4*s + 336, -4*m - i - 9 = 0. What is the units digit of s?
8
Let t = -426 + 481. What is the hundreds digit of t*(165/25)/1?
3
Suppose 0 = -9*p - 361 + 415. What is the hundreds digit of (14/p)/(-7)*-6141?
0
Let v(p) be the second derivative of p**5/20 - p**4/6 - p**3/3 + 538*p**2 - 102*p. What is the units digit of v(0)?
6
Suppose h + 5*x = 385, 535 = -3*h - 3*x + 1714. Let o be 15*(5/3*2 + -2). Suppose -h + o = -5*k. What is the tens digit of k?
7
Let a be 4 - 3 - (-2)/(4/34). Let w = 68 - a. Suppose -z + w = -7. What is the tens digit of z?
5
Let z(b) be the third derivative of -17*b**4/6 - b**3/3 - 2*b**2. Suppose 20 = 5*i, 5*i - 14 + 6 = -4*q. What is the hundreds digit of z(q)?
2
Suppose 0 = 592*f - 594*f - 114044. What is the units digit of (f/840 + (-2)/(-15))*-4?
1
Let i be -242*((-88)/(-16) - 6). Suppose 0*l = u + 5*l - i, -2*u = -2*l - 230. What is the units digit of u?
6
Let d = -140 - -314. Let x be ((0/(-6))/(-4))/(-3). Suppose -4*v - t + 373 = x, 2*t = 2*v - 0*t - d. What is the units digit of v?
2
What is the units digit of (4 - (21 - 9)) + (-654948)/(-18)?
8
Let v(g) = 10*g**2 - 37*g - 4. Let k be v(4). What is the units digit of (10 + k)*114*(-2)/(-8)?
3
Suppose 0 = -2*a - 2*w + 29820, a + 51*w - 53*w = 14916. What is the thousands digit of a?
4
Suppose -7 + 4 = -p - r, 4*r = -p + 9. Let z(k) = 196*k**3 + 3*k**2 - 4*k + 3. What is the units digit of z(p)?
8
Suppose -16*o + 9*o = 63. What is the tens digit of ((-49)/7 - o)*422?
4
Suppose -a - 5*q = -3*q, 0 = -2*a + 2*q + 18. Suppose -542 = -a*u + 1186. Suppose 37*i - 33*i = u. What is the units digit of i?
2
Suppose -4*c = 45 + 43. Let l be ((-11)/c)/(1/10*1). Suppose 4*k = -l*x + 45, -2*x - 12 = -k - 3*x. What is the units digit of k?
5
Let s be (-2)/(-8) - 1170/(-24). Suppose 11*a - s = 215. What is the tens digit of a?
2
Let h(u) = u**3 + 13*u**2 - 26*u - 1. What is the units digit of h(17)?
7
Let b(h) be the second derivative of -h**3/6 - 7*h**2 - 4*h. Let w be 8/(-16) + -2*29/4. What is the units digit of b(w)?
1
Let k(o) = -1434*o + 164. What is the hundreds digit of k(-7)?
2
Suppose -4*y + 3*o = 29, 0 = 5*y - 2*o + 3*o + 22. What is the units digit of (-921)/y - 30/25?
3
Suppose p = -78*p + 385441. What is the hundreds digit of p?
8
Suppose 12*z - 10*z + 11065 = 3*r, -4*z - 14760 = -4*r. What is the thousands digit of r?
3
What is the hundreds digit of (-3276030)/(-66) + (-118)/(-649)?
6
Let u = -2848 + 6589. Suppose 18*z = 4161 + u. What is the units digit of z?
9
Let l be 4*(-2)/36 + 9064/(-36). What is the tens digit of (12/(-14))/(-1 + (-246)/l)?
3
Let p = -15140 + 49813. What is the hundreds digit of p?
6
Suppose -4*m + 4*x = m + 686, 252 = -2*m - 4*x. What is the tens digit of m/(-4) - (-15)/(-6)?
3
Let n = 54794 - 39082. What is the thousands digit of n?
5
Let z = -158 + 58. Let t = z + 287. What is the hundreds digit of t?
1
Let q(f) = -1003*f**3 - 5*f**2 - 9*f - 3. Let z be q(-1). Suppose -4*o + 1224 = -z. What is the tens digit of o?
5
Suppose 0 = 53532*u - 53543*u + 299200. What is the hundreds digit of u?
2
Let i be -155 + -1 - (-34 - -35). Let o = -130 - i. What is the tens digit of o?
2
Suppose -4*i + 27 = -6*x + 5*x, 4*x - 12 = i. Let k(a) = a**2 - 8*a - 7. Let g be k(i). What is the units digit of 2/(-4) - g/((-70)/(-165))?
6
Suppose -l = 5*w + 177, -2*l + 4*w = 291 + 105. Let n = l + 268. What is the units digit of n?
6
Suppose -28017 = -3*c + 2*d, 60*c - 9339 = 59*c + 5*d. What is the units digit of c?
9
Let z = -876 - -583. Let o = z - -882. What is the tens digit of o?
8
Let n be 1131/(-11) + (-24)/132. Let q = 170 + n. Suppose 0 = -u - 8 + q. What is the tens digit of u?
5
Suppose n - 1602 - 1832 = 0. What is the hundreds digit of n?
4
Suppose 3*a - 20 - 3 = 5*x, 0 = -a + 3*x + 13. What is the tens digit of (a - 5/3)/((-25)/17325)?
6
Suppose -324179 - 127919 = -17*j. What is the thousands digit of j?
6
Suppose 0 = 566*a - 564*a - 17156. What is the units digit of a?
8
Let n = 74 - 70. Let f(x) = -3*x**2 - 2*x + 6. Let v(t) = -6*t**2 - 4*t + 11. Let u(w) = n*v(w) - 9*f(w). What is the units digit of u(-7)?
3
Let u = -8960 + 8950. Suppose 0*x - 72 = 3*x. What is the units digit of ((-8)/u)/(x/(-2580))?
6
Let u(n) = n**2 - 7*n - 6. Let l be u(-6). What is the units digit of ((-6)/(-27))/(-1) + 15136/l?
0
Let m be 16/((-14)/(-30) - 4/(-20)). Let z = -20 + m. What is the units digit of 74/z + 1 - 3/(-6)?
0
Let v be (-1 - 18/(-22)) + (-19635)/(-847). Suppose -3*p - 1050 = -j, 4*j + v*p - 4209 = 26*p. What is the units digit of j?
3
Suppose -14 + 2 = -3*h. Let k be (-2 - 1)/(363/93 - h). Let d = k + -9. What is the tens digit of d?
2
Suppose -p - s + 1 = 0, 7*s = -4*p + 11*s + 28. Suppose q + p = 0, 3*q + 1694 = 3*r + 7*q. What is the tens digit of r?
7
Let y = 6578 - 1250. What is the tens digit of y?
2
Suppose 0 = 47*v - 43*v - 44. Suppose v - 3 = 2*c. Suppose 4*d = 5*g - 265 - 368, -5*g - c*d + 657 = 0. What is the units digit of g?
9
Suppose 0 = -8*z + z - 665. Let s = 237 + z. Suppose 3*d + 2*n - s = 0, -n + 0*n + 93 = 2*d. What is the tens digit of d?
4
Let z(a) = -a + 5. Let k be z(2). Suppose -k*i = -2*i - 5. Suppose -i*n - 3*f + 370 = -f, -4*n + 296 = 2*f. What is the tens digit of n?
7
Let w(u) be the second derivative of -65*u**3/6 - 36*u**2 + 7*u + 1. What is the tens digit of w(-15)?
0
Let c(h) = 13*h**3 - 8*h**2 + 14*h - 2. Suppose 2*q - 16 = -3*n, q + 0*n + 5 = 5*n. What is the thousands digit of c(q)?
1
Suppose -24*w = -23*w - 4*q - 2257, 5*w + 3*q = 11170. What is the tens digit of w?
3
Let o be (1536/(-10))/(-1*10/(-50)). Let t = 1125 + o. What is the units digit of t?
7
Suppose i + 2*m = 0, -2*i - 2*m + 18 = -4*m. Suppose -i*k = 25 - 97. Suppose -b = 3*b - k, o = -2*b + 84. What is the tens digit of o?
7
Let n = 50 - 46. Suppose 16 = n*m + 2*c, 2*m - 5*m + 3*c - 6 = 0. What is the units digit of (91 + 1 - m) + -4?
6
Let v(q) = 3*q**2 - 2*q - 11. Let s be v(0). What is the units digit of s/110 - (18282/(-20) - -1)?
3
Suppose 6 = 9*y - 6*y. Suppose -30 = 4*d - y*u, -12 - 13 = 4*d + 3*u. What is the tens digit of 2/d + (-4380)/(-140)?
3
Suppose -8*a - 171431 = 30*a - 447919. What is the units digit of a?
6
What is the ten thousands digit of (-9)/(-6)*17858*(-2 + 26/6)?
6
Let x 